{"id":887,"date":"2023-11-11T11:56:10","date_gmt":"2023-11-11T11:56:10","guid":{"rendered":"https:\/\/bisi.website\/goergen\/?page_id=887"},"modified":"2023-11-11T12:13:25","modified_gmt":"2023-11-11T12:13:25","slug":"questions-frequentes","status":"publish","type":"page","link":"https:\/\/bisi.website\/goergen\/questions-frequentes\/","title":{"rendered":"Questions fr\u00e9quentes (FAQ)"},"content":{"rendered":"\n<details class=\"wp-block-details has-medium-font-size is-layout-flow wp-block-details-is-layout-flow\"><summary>J\u2019ai une ordonnance de mon m\u00e9decin et je voudrais prendre rendez-\u00advous.<\/summary>\n<p class=\"has-small-font-size\">Contactez\u00ad-nous par t\u00e9l\u00e9phone, par email ou par SMS en pr\u00e9cisant vos plages horaires de disponibilit\u00e9 : nous planifierons vos rendez-\u00advous pour vous. Vous pouvez aussi prendre un premier rendez-vous en ligne via Doctena .<\/p>\n<\/details>\n\n\n\n<div style=\"height:20px\" aria-hidden=\"true\" class=\"wp-block-spacer\"><\/div>\n\n\n\n<details class=\"wp-block-details has-medium-font-size is-layout-flow wp-block-details-is-layout-flow\"><summary>La CNS prend-elle en charge mes soins de kin\u00e9sith\u00e9rapie?<\/summary>\n<p class=\"has-small-font-size\">En pr\u00e9sence d&#8217;une ordonnance m\u00e9dicale valable, la CNS couvre en g\u00e9n\u00e9ral 70% des frais. 30% sont \u00e0 charge du patient. Chez les moins de 18 ans, et dans certains autres cas, la CNS couvre l&#8217;int\u00e9gralit\u00e9 des frais.<\/p>\n<\/details>\n\n\n\n<div style=\"height:20px\" aria-hidden=\"true\" class=\"wp-block-spacer\"><\/div>\n\n\n\n<details class=\"wp-block-details has-medium-font-size is-layout-flow wp-block-details-is-layout-flow\"><summary>J\u2019ai besoin de soins, mais je n\u2019ai pas d\u2019ordonnance et je ne connais pas de m\u00e9decin\u2026<\/summary>\n<p class=\"has-small-font-size\">Contactez\u00ad-nous et nous nous ferons un plaisir de vous aider.<\/p>\n<\/details>\n\n\n\n<div style=\"height:20px\" aria-hidden=\"true\" class=\"wp-block-spacer\"><\/div>\n\n\n\n<details class=\"wp-block-details has-medium-font-size is-layout-flow wp-block-details-is-layout-flow\"><summary>J\u2019ai une ordonnance d\u2019un m\u00e9decin d\u2019un pays frontalier. Est-\u00adelle valable?<\/summary>\n<p class=\"has-small-font-size\">OUI : Cependant, l&#8217;ordonnance doit r\u00e9pondre au standard. Un formulaire type \u00e0 remplir par votre m\u00e9decin peut \u00eatre t\u00e9l\u00e9charg\u00e9 sur le site de la CNS \u00e0 l&#8217;adresse suivante: https:\/\/cns.public.lu\/dam-assets\/formulaires\/prestataire\/kine\/ordonnance-standardisee-kine.pdf<\/p>\n<\/details>\n\n\n\n<div style=\"height:20px\" aria-hidden=\"true\" class=\"wp-block-spacer\"><\/div>\n\n\n\n<details class=\"wp-block-details has-medium-font-size is-layout-flow wp-block-details-is-layout-flow\"><summary>Je n\u2019ai PAS d\u2019ordonnance, mais je voudrais vous consulter.<\/summary>\n<p class=\"has-small-font-size\">Vous \u00eates bienvenu pour une (ou plusieurs) s\u00e9ance(s). En principe, votre caisse ne prendra pas en charge ce traitement.<\/p>\n<\/details>\n\n\n\n<div style=\"height:20px\" aria-hidden=\"true\" class=\"wp-block-spacer\"><\/div>\n\n\n\n<details class=\"wp-block-details has-medium-font-size is-layout-flow wp-block-details-is-layout-flow\"><summary>Je suis affili\u00e9 \u00e0 une caisse autre que la CNS\u2026<\/summary>\n<p class=\"has-small-font-size\">Vous recevrez \u00e0 la fin du traitement un m\u00e9moire d&#8217;honoraires que vous pourrez vous faire rembourser (selon les modalit\u00e9s) directement aupr\u00e8s de votre caisse, en joignant l&#8217;original de votre ordonnance.<\/p>\n<\/details>\n\n\n\n<div style=\"height:20px\" aria-hidden=\"true\" class=\"wp-block-spacer\"><\/div>\n\n\n\n<details class=\"wp-block-details has-medium-font-size is-layout-flow wp-block-details-is-layout-flow\"><summary>Puis-je avoir mes rendez-vous pendant ma pause d\u00e9jeuner ou apr\u00e8s les heures de bureau?<\/summary>\n<p class=\"has-small-font-size\">Sous r\u00e9serve de disponibilit\u00e9, oui.<\/p>\n<\/details>\n\n\n\n<div style=\"height:20px\" aria-hidden=\"true\" class=\"wp-block-spacer\"><\/div>\n\n\n\n<details class=\"wp-block-details has-medium-font-size is-layout-flow wp-block-details-is-layout-flow\"><summary>La Caisse Medico\u00ad Chirurgicale CMCM\/Presta Plus prend\u00ad-elle en charge la part patient?<\/summary>\n<p class=\"has-small-font-size\">Le plus souvent: Non.<\/p>\n<\/details>\n\n\n\n<p><\/p>\n","protected":false},"excerpt":{"rendered":"","protected":false},"author":1,"featured_media":897,"parent":0,"menu_order":0,"comment_status":"closed","ping_status":"closed","template":"","meta":{"_et_pb_use_builder":"","_et_pb_old_content":"","_et_gb_content_width":"","footnotes":""},"class_list":["post-887","page","type-page","status-publish","has-post-thumbnail","hentry"],"_links":{"self":[{"href":"https:\/\/bisi.website\/goergen\/wp-json\/wp\/v2\/pages\/887","targetHints":{"allow":["GET"]}}],"collection":[{"href":"https:\/\/bisi.website\/goergen\/wp-json\/wp\/v2\/pages"}],"about":[{"href":"https:\/\/bisi.website\/goergen\/wp-json\/wp\/v2\/types\/page"}],"author":[{"embeddable":true,"href":"https:\/\/bisi.website\/goergen\/wp-json\/wp\/v2\/users\/1"}],"replies":[{"embeddable":true,"href":"https:\/\/bisi.website\/goergen\/wp-json\/wp\/v2\/comments?post=887"}],"version-history":[{"count":5,"href":"https:\/\/bisi.website\/goergen\/wp-json\/wp\/v2\/pages\/887\/revisions"}],"predecessor-version":[{"id":907,"href":"https:\/\/bisi.website\/goergen\/wp-json\/wp\/v2\/pages\/887\/revisions\/907"}],"wp:featuredmedia":[{"embeddable":true,"href":"https:\/\/bisi.website\/goergen\/wp-json\/wp\/v2\/media\/897"}],"wp:attachment":[{"href":"https:\/\/bisi.website\/goergen\/wp-json\/wp\/v2\/media?parent=887"}],"curies":[{"name":"wp","href":"https:\/\/api.w.org\/{rel}","templated":true}]}}