{"id":742,"date":"2023-06-17T13:05:30","date_gmt":"2023-06-17T13:05:30","guid":{"rendered":"http:\/\/bisi.website\/goergen\/?page_id=742"},"modified":"2025-02-13T15:38:53","modified_gmt":"2025-02-13T15:38:53","slug":"adresse","status":"publish","type":"page","link":"https:\/\/bisi.website\/goergen\/adresse\/","title":{"rendered":"Adresse"},"content":{"rendered":"\n<figure class=\"wp-block-image alignright size-large is-resized\"><img loading=\"lazy\" decoding=\"async\" width=\"1500\" height=\"1500\" src=\"https:\/\/bisi.website\/goergen\/wp-content\/uploads\/sites\/4\/2025\/02\/PXL_20250213_131428323.PORTRAIT5-1500x1500.jpg\" alt=\"\" class=\"wp-image-1074\" style=\"aspect-ratio:1;object-fit:cover;width:300px\" srcset=\"https:\/\/bisi.website\/goergen\/wp-content\/uploads\/sites\/4\/2025\/02\/PXL_20250213_131428323.PORTRAIT5-1500x1500.jpg 1500w, https:\/\/bisi.website\/goergen\/wp-content\/uploads\/sites\/4\/2025\/02\/PXL_20250213_131428323.PORTRAIT5-1280x1281.jpg 1280w, https:\/\/bisi.website\/goergen\/wp-content\/uploads\/sites\/4\/2025\/02\/PXL_20250213_131428323.PORTRAIT5-980x980.jpg 980w, https:\/\/bisi.website\/goergen\/wp-content\/uploads\/sites\/4\/2025\/02\/PXL_20250213_131428323.PORTRAIT5-480x480.jpg 480w\" sizes=\"(min-width: 0px) and (max-width: 480px) 480px, (min-width: 481px) and (max-width: 980px) 980px, (min-width: 981px) and (max-width: 1280px) 1280px, (min-width: 1281px) 1500px, 100vw\" \/><\/figure>\n\n\n\n<figure class=\"wp-block-image size-full is-resized\"><a href=\"https:\/\/bisi.website\/goergen\/wp-content\/uploads\/sites\/4\/2023\/11\/carte-1.jpeg\"><img loading=\"lazy\" decoding=\"async\" width=\"1051\" height=\"697\" src=\"https:\/\/bisi.website\/goergen\/wp-content\/uploads\/sites\/4\/2023\/11\/carte-1.jpeg\" alt=\"\" class=\"wp-image-919\" style=\"width:500px\" srcset=\"https:\/\/bisi.website\/goergen\/wp-content\/uploads\/sites\/4\/2023\/11\/carte-1.jpeg 1051w, https:\/\/bisi.website\/goergen\/wp-content\/uploads\/sites\/4\/2023\/11\/carte-1-980x650.jpeg 980w, https:\/\/bisi.website\/goergen\/wp-content\/uploads\/sites\/4\/2023\/11\/carte-1-480x318.jpeg 480w\" sizes=\"(min-width: 0px) and (max-width: 480px) 480px, (min-width: 481px) and (max-width: 980px) 980px, (min-width: 981px) 1051px, 100vw\" \/><\/a><\/figure>\n\n\n\n<p>Adresse du cabinet de kin\u00e9sith\u00e9rapie <\/p>\n\n\n\n<blockquote class=\"wp-block-quote is-layout-flow wp-block-quote-is-layout-flow\">\n<p>Yan Goergen et Chiara Arneodo<\/p>\n\n\n\n<p>2-4 rue d&#8217;Anvers<\/p>\n\n\n\n<p>L-1130 Luxembourg<\/p>\n<\/blockquote>\n\n\n\n<p>Id\u00e9alement situ\u00e9 en bordure de la Place de Paris, avoisinant la Gare de Luxembourg, le Cabinet de Kin\u00e9sith\u00e9rapie Yan Goergen et Chiara Arneodo est facilement accessible depuis les transports publics (Arr\u00eat de Tram &#8220;Place de Paris&#8221; \u00e0 30m).<\/p>\n\n\n\n<p>Si vous \u00eates en voiture, le parking est autoris\u00e9 dans la rue. Le Parking Zithaklinik (payant),&nbsp;\u00e0 50m du cabinet&nbsp;plus bas dans la rue, permet un stationnement id\u00e9al. La rue&nbsp;d&#8217;Anvers est une rue perpendiculaire \u00e0 l&#8217;Avenue de la Libert\u00e9.<\/p>\n\n\n\n<p>Le cabinet se trouvant au rez-de-chauss\u00e9e, un acc\u00e8s pour personnes \u00e0 mobilit\u00e9 r\u00e9duite est tout \u00e0 fait possible.<\/p>\n\n\n\n<figure class=\"wp-block-image alignleft size-full is-resized\"><img loading=\"lazy\" decoding=\"async\" width=\"2048\" height=\"1536\" src=\"https:\/\/bisi.website\/goergen\/wp-content\/uploads\/sites\/4\/2023\/11\/Place-2.jpeg\" alt=\"\" class=\"wp-image-926\" style=\"aspect-ratio:1.5;object-fit:contain;width:635px;height:auto\" srcset=\"https:\/\/bisi.website\/goergen\/wp-content\/uploads\/sites\/4\/2023\/11\/Place-2.jpeg 2048w, https:\/\/bisi.website\/goergen\/wp-content\/uploads\/sites\/4\/2023\/11\/Place-2-1280x960.jpeg 1280w, https:\/\/bisi.website\/goergen\/wp-content\/uploads\/sites\/4\/2023\/11\/Place-2-980x735.jpeg 980w, https:\/\/bisi.website\/goergen\/wp-content\/uploads\/sites\/4\/2023\/11\/Place-2-480x360.jpeg 480w\" sizes=\"(min-width: 0px) and (max-width: 480px) 480px, (min-width: 481px) and (max-width: 980px) 980px, (min-width: 981px) and (max-width: 1280px) 1280px, (min-width: 1281px) 2048px, 100vw\" \/><\/figure>\n\n\n\n<p><\/p>\n","protected":false},"excerpt":{"rendered":"<p>Adresse du cabinet de kin\u00e9sith\u00e9rapie Yan Goergen et Chiara Arneodo 2-4 rue d&#8217;Anvers L-1130 Luxembourg Id\u00e9alement situ\u00e9 en bordure de la Place de Paris, avoisinant la Gare de Luxembourg, le Cabinet de Kin\u00e9sith\u00e9rapie Yan Goergen et Chiara Arneodo est facilement accessible depuis les transports publics (Arr\u00eat de Tram &#8220;Place de Paris&#8221; \u00e0 30m). Si vous [&hellip;]<\/p>\n","protected":false},"author":12,"featured_media":793,"parent":0,"menu_order":0,"comment_status":"closed","ping_status":"closed","template":"","meta":{"_et_pb_use_builder":"","_et_pb_old_content":"","_et_gb_content_width":"","footnotes":""},"class_list":["post-742","page","type-page","status-publish","has-post-thumbnail","hentry"],"_links":{"self":[{"href":"https:\/\/bisi.website\/goergen\/wp-json\/wp\/v2\/pages\/742","targetHints":{"allow":["GET"]}}],"collection":[{"href":"https:\/\/bisi.website\/goergen\/wp-json\/wp\/v2\/pages"}],"about":[{"href":"https:\/\/bisi.website\/goergen\/wp-json\/wp\/v2\/types\/page"}],"author":[{"embeddable":true,"href":"https:\/\/bisi.website\/goergen\/wp-json\/wp\/v2\/users\/12"}],"replies":[{"embeddable":true,"href":"https:\/\/bisi.website\/goergen\/wp-json\/wp\/v2\/comments?post=742"}],"version-history":[{"count":27,"href":"https:\/\/bisi.website\/goergen\/wp-json\/wp\/v2\/pages\/742\/revisions"}],"predecessor-version":[{"id":1108,"href":"https:\/\/bisi.website\/goergen\/wp-json\/wp\/v2\/pages\/742\/revisions\/1108"}],"wp:featuredmedia":[{"embeddable":true,"href":"https:\/\/bisi.website\/goergen\/wp-json\/wp\/v2\/media\/793"}],"wp:attachment":[{"href":"https:\/\/bisi.website\/goergen\/wp-json\/wp\/v2\/media?parent=742"}],"curies":[{"name":"wp","href":"https:\/\/api.w.org\/{rel}","templated":true}]}}